What is the hundred thousands digit of 224794124?
7
What is the millions digit of 233085892?
3
What is the billions digit of 1347816234?
1
What is the hundreds digit of 127946553?
5
What is the millions digit of 1007591461?
7
What is the thousands digit of 3295993272?
3
What is the ten thousands digit of 6794968324?
6
What is the ten millions digit of 283333814?
8
What is the tens digit of 269232161?
6
What is the units digit of 54570718?
8
What is the tens digit of 558860810?
1
What is the hundred millions digit of 178290024?
1
What is the ten millions digit of 6244191882?
4
What is the hundred thousands digit of 4105876?
1
What is the thousands digit of 148431312?
1
What is the ten thousands digit of 211396960?
9
What is the ten millions digit of 2153684919?
5
What is the units digit of 240421957?
7
What is the ten thousands digit of 70248739?
4
What is the ten millions digit of 42177651?
4
What is the ten thousands digit of 477323069?
2
What is the hundred millions digit of 3702807482?
7
What is the hundreds digit of 27097587?
5
What is the tens digit of 2649654341?
4
What is the thousands digit of 137301768?
1
What is the tens digit of 454734962?
6
What is the tens digit of 132371826?
2
What is the hundred thousands digit of 49786324?
7
What is the tens digit of 3576222?
2
What is the hundred millions digit of 249236247?
2
What is the tens digit of 41037965?
6
What is the hundred millions digit of 195060224?
1
What is the ten millions digit of 910505289?
1
What is the hundred thousands digit of 57754197?
7
What is the ten thousands digit of 3614481318?
8
What is the ten thousands digit of 1241468956?
6
What is the ten thousands digit of 49292538?
9
What is the hundred thousands digit of 36189802?
1
What is the ten thousands digit of 68397029?
9
What is the hundreds digit of 11607792?
7
What is the ten thousands digit of 7761836?
6
What is the tens digit of 50753627?
2
What is the ten millions digit of 21183515?
2
What is the hundred millions digit of 394516058?
3
What is the units digit of 2283934086?
6
What is the millions digit of 182675954?
2
What is the ten thousands digit of 29985364?
8
What is the tens digit of 14625255?
5
What is the units digit of 110594101?
1
What is the tens digit of 337980453?
5
What is the hundreds digit of 262240?
2
What is the ten thousands digit of 234707400?
0
What is the ten thousands digit of 4002956144?
5
What is the ten thousands digit of 55558425?
5
What is the thousands digit of 121741118?
1
What is the thousands digit of 205593110?
3
What is the thousands digit of 448367476?
7
What is the ten thousands digit of 2199909310?
0
What is the hundred thousands digit of 4064906?
0
What is the hundreds digit of 78915987?
9
What is the hundreds digit of 61490916?
9
What is the billions digit of 1742255974?
1
What is the units digit of 36851918?
8
What is the billions digit of 5573982190?
5
What is the tens digit of 613195239?
3
What is the ten millions digit of 61250966?
6
What is the ten millions digit of 2120733969?
2
What is the units digit of 248862309?
9
What is the millions digit of 111890415?
1
What is the ten thousands digit of 50093089?
9
What is the tens digit of 32814681?
8
What is the thousands digit of 71690762?
0
What is the ten millions digit of 168178532?
6
What is the units digit of 2748592543?
3
What is the hundreds digit of 3837885398?
3
What is the units digit of 68613772?
2
What is the thousands digit of 116695346?
5
What is the ten millions digit of 896530490?
9
What is the tens digit of 2633577236?
3
What is the ten thousands digit of 7942164511?
6
What is the hundreds digit of 29797905?
9
What is the ten thousands digit of 5485138?
8
What is the ten thousands digit of 64304479?
0
What is the ten thousands digit of 2605733019?
3
What is the units digit of 280539969?
9
What is the units digit of 50851192?
2
What is the hundred thousands digit of 637875919?
8
What is the ten thousands digit of 3431505883?
0
What is the ten millions digit of 2860993240?
6
What is the thousands digit of 12478185?
8
What is the hundreds digit of 694828825?
8
What is the thousands digit of 18698536?
8
What is the hundred millions digit of 213351149?
2
What is the millions digit of 765141885?
5
What is the billions digit of 1329354128?
1
What is the millions digit of 25451737?
5
What is the units digit of 116045161?
1
What is the millions digit of 180209259?
0
What is the ten millions digit of 858497120?
5
What is the ten thousands digit of 808215797?
1
What is the hundred thousands digit of 175827350?
8
What is the tens digit of 31115124?
2
What is the hundred thousands digit of 47814244?
8
What is the millions digit of 38858271?
8
What is the hundred thousands digit of 7838068?
8
What is the ten thousands digit of 186518111?
1
What is the hundred thousands digit of 111366113?
3
What is the millions digit of 86825498?
6
What is the ten millions digit of 487169476?
8
What is the tens digit of 583161000?
0
What is the thousands digit of 219774630?
4
What is the units digit of 13485946?
6
What is the tens digit of 17205463?
6
What is the thousands digit of 186025072?
5
What is the ten millions digit of 71107974?
7
What is the thousands digit of 289878043?
8
What is the ten thousands digit of 169466255?
6
What is the hundred millions digit of 706436100?
7
What is the hundred millions digit of 1335890854?
3
What is the thousands digit of 353753740?
3
What is the tens digit of 22796496?
9
What is the thousands digit of 44199581?
9
What is the millions digit of 2205930416?
5
What is the thousands digit of 1380612682?
2
What is the thousands digit of 693442748?
2
What is the hundreds digit of 267777414?
4
What is the ten millions digit of 708695218?
0
What is the millions digit of 253556505?
3
What is the hundreds digit of 176430264?
2
What is the hundreds digit of 50325563?
5
What is the hundred thousands digit of 368900495?
9
What is the tens digit of 22949053?
5
What is the hundred millions digit of 4938017715?
9
What is the thousands digit of 267086667?
6
What is the units digit of 861853576?
6
What is the millions digit of 101670369?
1
What is the tens digit of 743231537?
3
What is the units digit of 949198?
8
What is the billions digit of 6461999893?
6
What is the hundred millions digit of 2159128815?
1
What is the thousands digit of 70105383?
5
What is the ten thousands digit of 65575026?
7
What is the hundreds digit of 116655889?
8
What is the tens digit of 3528126262?
6
What is the hundred thousands digit of 335564357?
5
What is the ten millions digit of 1795744034?
9
What is the tens digit of 560741554?
5
What is the hundred millions digit of 169052776?
1
What is the thousands digit of 1328654124?
4
What is the units digit of 148240509?
9
What is the ten millions digit of 212450393?
1
What is the hundred millions digit of 1485933530?
4
What is the millions digit of 392651589?
2
What is the hundred millions digit of 1109028867?
1
What is the units digit of 4828077772?
2
What is the thousands digit of 296417604?
7
What is the thousands digit of 16095794?
5
What is the tens digit of 493736094?
9
What is the ten thousands digit of 1207671488?
7
What is the hundred thousands digit of 4119487547?
4
What is the ten thousands digit of 20388652?
8
What is the ten thousands digit of 568532200?
3
What is the tens digit of 46808952?
5
What is the hundreds digit of 136976481?
4
What is the units digit of 3557893332?
2
What is the units digit of 459630200?
0
What is the hundred millions digit of 8832535241?
8
What is the ten thousands digit of 54851645?
5
What is the units digit of 162393642?
2
What is the thousands digit of 748521819?
1
What is the ten millions digit of 3150881838?
5
What is the thousands digit of 384712579?
2
What is the millions digit of 65551007?
5
What is the thousands digit of 581890156?
0
What is the ten thousands digit of 2645333047?
3
What is the millions digit of 146897000?
6
What is the hundred millions digit of 141320968?
1
What is the thousands digit of 98975433?
5
What is the hundreds digit of 276010734?
7
What is the millions digit of 1688072796?
8
What is the ten millions digit of 21533601?
2
What is the millions digit of 43912995?
3
What is the hundred millions digit of 109704457?
1